 is the hundred thousands digit of 435728578?
7
What is the units digit of 2366898?
8
What is the tens digit of 543468697?
9
What is the ten thousands digit of 372806359?
0
What is the thousands digit of 8297555654?
5
What is the ten thousands digit of 226474616?
7
What is the tens digit of 2521972790?
9
What is the hundreds digit of 39597605?
6
What is the ten millions digit of 35141730?
3
What is the thousands digit of 1056449889?
9
What is the ten millions digit of 47592328?
4
What is the tens digit of 1886282070?
7
What is the hundred thousands digit of 6940409057?
4
What is the hundreds digit of 403781709?
7
What is the hundreds digit of 24954015?
0
What is the millions digit of 48094140?
8
What is the tens digit of 77601542?
4
What is the millions digit of 1611765435?
1
What is the ten thousands digit of 1411814156?
1
What is the hundred thousands digit of 48033789?
0
What is the hundreds digit of 6404797959?
9
What is the hundred millions digit of 154847577?
1
What is the millions digit of 258453926?
8
What is the hundred thousands digit of 950421051?
4
What is the thousands digit of 451650757?
0
What is the ten millions digit of 34653118?
3
What is the tens digit of 550412595?
9
What is the thousands digit of 2693558334?
8
What is the millions digit of 33131751?
3
What is the tens digit of 619488029?
2
What is the thousands digit of 488397974?
7
What is the tens digit of 190367400?
0
What is the billions digit of 1291889974?
1
What is the ten thousands digit of 32586327?
8
What is the hundred thousands digit of 235053845?
0
What is the ten thousands digit of 649283700?
8
What is the tens digit of 37447814?
1
What is the units digit of 2834541527?
7
What is the millions digit of 1175422984?
5
What is the ten millions digit of 148283225?
4
What is the units digit of 6485299125?
5
What is the ten millions digit of 3266994147?
6
What is the ten thousands digit of 230420375?
2
What is the tens digit of 56580939?
3
What is the ten millions digit of 77756432?
7
What is the billions digit of 2635789662?
2
What is the tens digit of 59995756?
5
What is the thousands digit of 870043867?
3
What is the thousands digit of 35554773?
4
What is the hundred thousands digit of 42212402?
2
What is the hundred millions digit of 1248489813?
2
What is the millions digit of 5013618584?
3
What is the hundred thousands digit of 2097957525?
9
What is the ten thousands digit of 176150812?
5
What is the ten millions digit of 1466002526?
6
What is the hundred millions digit of 1400701296?
4
What is the ten thousands digit of 31060362?
6
What is the ten thousands digit of 2297430479?
3
What is the ten millions digit of 23578885?
2
What is the units digit of 268667356?
6
What is the ten thousands digit of 32537241?
3
What is the hundred thousands digit of 108499342?
4
What is the ten millions digit of 5570732208?
7
What is the thousands digit of 276909840?
9
What is the tens digit of 286181869?
6
What is the hundred millions digit of 3659213938?
6
What is the ten millions digit of 389064360?
8
What is the millions digit of 4197634727?
7
What is the units digit of 45109408?
8
What is the tens digit of 171963669?
6
What is the ten thousands digit of 25744479?
4
What is the hundred millions digit of 3705878382?
7
What is the hundred millions digit of 289189216?
2
What is the thousands digit of 81509170?
9
What is the tens digit of 880754151?
5
What is the millions digit of 2733120368?
3
What is the ten thousands digit of 63702837?
0
What is the millions digit of 6466051?
6
What is the millions digit of 1065253012?
5
What is the millions digit of 3316125229?
6
What is the hundred thousands digit of 66409110?
4
What is the tens digit of 97802446?
4
What is the thousands digit of 86384329?
4
What is the hundred thousands digit of 1914970792?
9
What is the millions digit of 802906058?
2
What is the thousands digit of 889541961?
1
What is the millions digit of 257066813?
7
What is the tens digit of 16135059?
5
What is the hundred millions digit of 3214597436?
2
What is the tens digit of 368579003?
0
What is the tens digit of 1811430260?
6
What is the hundreds digit of 702399498?
4
What is the thousands digit of 102188639?
8
What is the ten millions digit of 1093243651?
9
What is the hundred thousands digit of 405340814?
3
What is the ten thousands digit of 437076011?
7
What is the tens digit of 4805500?
0
What is the hundreds digit of 209937911?
9
What is the hundred thousands digit of 69591922?
5
What is the ten thousands digit of 48720703?
2
What is the ten thousands digit of 31501862?
0
What is the millions digit of 921467352?
1
What is the hundred millions digit of 928586106?
9
What is the ten millions digit of 75903314?
7
What is the ten millions digit of 67567881?
6
What is the ten millions digit of 414903135?
1
What is the millions digit of 1858667216?
8
What is the hundreds digit of 68959008?
0
What is the hundred thousands digit of 329557008?
5
What is the hundred thousands digit of 4701810653?
8
What is the hundreds digit of 33055170?
1
What is the hundred thousands digit of 85810887?
8
What is the tens digit of 211903483?
8
What is the ten millions digit of 39007226?
3
What is the ten millions digit of 22785934?
2
What is the thousands digit of 7298749902?
9
What is the thousands digit of 11946005?
6
What is the ten millions digit of 58605732?
5
What is the tens digit of 286796983?
8
What is the ten thousands digit of 1745549023?
4
What is the tens digit of 63256701?
0
What is the hundreds digit of 189460581?
5
What is the hundred thousands digit of 4240166524?
1
What is the hundreds digit of 805010050?
0
What is the ten thousands digit of 31461616?
6
What is the hundreds digit of 1381949527?
5
What is the millions digit of 11120097?
1
What is the tens digit of 3602288460?
6
What is the millions digit of 111290807?
1
What is the billions digit of 2274589165?
2
What is the tens digit of 264951313?
1
What is the units digit of 52779712?
2
What is the units digit of 2291239740?
0
What is the ten millions digit of 361470287?
6
What is the hundred millions digit of 1676738016?
6
What is the ten thousands digit of 196376455?
7
What is the thousands digit of 157328193?
8
What is the hundreds digit of 46000103?
1
What is the thousands digit of 1881353604?
3
What is the thousands digit of 73784941?
4
What is the hundred thousands digit of 737029487?
0
What is the ten millions digit of 173326207?
7
What is the ten millions digit of 1261896841?
6
What is the hundreds digit of 486952192?
1
What is the ten millions digit of 74018410?
7
What is the units digit of 60978079?
9
What is the millions digit of 512654213?
2
What is the ten millions digit of 609212239?
0
What is the hundred thousands digit of 98346649?
3
What is the millions digit of 1373030350?
3
What is the units digit of 336065981?
1
What is the hundreds digit of 64260944?
9
What is the hundred millions digit of 1279439578?
2
What is the ten thousands digit of 145030665?
3
What is the tens digit of 689819656?
5
What is the tens digit of 194663000?
0
What is the units digit of 76114830?
0
What is the hundreds digit of 120961427?
4
What is the ten thousands digit of 1130619450?
1
What is the hundreds digit of 770166089?
0
What is the thousands digit of 2526829597?
9
What is the millions digit of 578165619?
8
What is the hundred thousands digit of 1003778745?
7
What is the millions digit of 78807661?
8
What is the thousands digit of 770336011?
6
What is the hundreds digit of 3777156?
1
What is the hundred thousands digit of 39192490?
1
What is the tens digit of 1967066652?
5
What is the hundred millions digit of 860288101?
8
What is the tens digit of 673050236?
3
What is the hundred thousands digit of 4258098907?
0
What is the tens digit of 74201957?
5
What is the tens digit of 453204118?
1
What is the thousands digit of 7310846678?
6
What is the tens digit of 1312400610?
1
What is the millions digit of 200960815?
0
What is the units digit of 268849387?
7
What is the millions digit of 3894641233?
4
What is the ten millions digit of 427413267?
2
What is the ten thousands digit of 109987451?
8
What is the hundreds digit of 2217971465?
4
What is the ten thousands digit of 279364235?
6
What is the tens digit of 157056